{"id":1562,"date":"2024-11-04T22:35:58","date_gmt":"2024-11-04T21:35:58","guid":{"rendered":"https:\/\/www.ulcgtivry.fr\/blog\/?page_id=1562"},"modified":"2024-11-04T22:35:58","modified_gmt":"2024-11-04T21:35:58","slug":"mentions-legales","status":"publish","type":"page","link":"https:\/\/www.ulcgtivry.fr\/blog\/qui-sommes-nous\/mentions-legales\/","title":{"rendered":"Mentions l\u00e9gales"},"content":{"rendered":"<p>L\u2019ensemble de ce site est prot\u00e9g\u00e9 par le droit d&rsquo;auteur.<\/p>\n<h4>H\u00e9bergement <\/h4>\n<p>Le site <em>Union locale CGT Ivry\/Charenton\/St-Maurice\/Maisons-Alfort\/Alfortville<\/em> est h\u00e9berg\u00e9 par <a href=\"https:\/\/www.o2switch.fr\">o2switch<\/a><sup class=\"modern-footnotes-footnote \" data-mfn=\"1\" data-mfn-post-scope=\"0000000000000f9c0000000000000000_1562\"><a href=\"javascript:void(0)\"  role=\"button\" aria-pressed=\"false\" aria-describedby=\"mfn-content-0000000000000f9c0000000000000000_1562-1\">1<\/a><\/sup><span id=\"mfn-content-0000000000000f9c0000000000000000_1562-1\" role=\"tooltip\" class=\"modern-footnotes-footnote__note\" tabindex=\"0\" data-mfn=\"1\">o2switch &#8211; 222-224, Boulevard Gustave Flaubert &#8211; 63000 Clermont-Ferrand &#8211; t\u00e9l.&nbsp;: 04 44 44 60 40 &#8211; courriel&nbsp;: support@o2switch.fr<\/span>.<\/p>\n<h4>Informations personnelles<\/h4>\n<p>Les donn\u00e9es personnelles collect\u00e9es par le site <em>Union locale CGT Ivry\/Charenton\/St-Maurice\/Maisons-Alfort\/Alfortville<\/em>, telles que votre adresse e-mail, votre nom ou pseudo, l\u2019adresse de votre blog\/site, votre adresse IP, sont uniquement destin\u00e9es \u00e0 un usage interne.<\/p>\n<p>En aucun cas ces donn\u00e9es ne seront c\u00e9d\u00e9es ou vendues \u00e0 des tiers. Elles ne sont collect\u00e9es que :<\/p>\n<ul>\n<li>dans le cadre des statistiques de fr\u00e9quentation du site.<\/li>\n<\/ul>\n<p>En application de la loi Informatique et Libert\u00e9s du 6 janvier 1978 modifi\u00e9e par la loi 25 mai 2018, vous disposez d\u2019un droit d\u2019acc\u00e8s, de rectification, de modification et de suppression concernant les donn\u00e9es qui vous concernent. Vous pouvez exercer ce droit en nous <a href=\"https:\/\/www.ulcgtivry.fr\/blog\/contact\/\">contactant<\/a>.<\/p>\n<p>Il est interdit de recueillir ou de faire usage des donn\u00e9es personnelles pr\u00e9sentes sur ce site.<\/p>\n<h4>Marques cit\u00e9es <\/h4>\n<p>Toutes les marques cit\u00e9es sont d\u00e9pos\u00e9es par leurs propri\u00e9taires respectifs.<\/p>\n<h4>Propri\u00e9t\u00e9 intellectuelle <\/h4>\n<p>Conform\u00e9ment aux dispositions du code de la propri\u00e9t\u00e9 intellectuelle, les diff\u00e9rents \u00e9l\u00e9ments figurant sur le site <em>Union locale CGT Ivry\/Charenton\/St-Maurice\/Maisons-Alfort\/Alfortville<\/em> tels que textes, images, logos, commentaires, bases de donn\u00e9es, etc. restent la propri\u00e9t\u00e9 de leur(s) auteur(s) et\/ou titulaire(s) respectif(s) et ce pour la dur\u00e9e l\u00e9gale de protection.<\/p>\n<p>Les informations et documents publi\u00e9s par le site <em>Union locale CGT Ivry\/Charenton\/St-Maurice\/Maisons-Alfort\/Alfortville<\/em> ne peuvent \u00eatre reproduits qu&rsquo;avec l&rsquo;autorisation de leur <a href=\"https:\/\/www.ulcgtivry.fr\/blog\/contact\/\">auteur<\/a>. Seuls de courts extraits des articles peuvent \u00eatre utilis\u00e9s, conform\u00e9ment au code de la propri\u00e9t\u00e9 intellectuelle (CPI)<sup class=\"modern-footnotes-footnote \" data-mfn=\"2\" data-mfn-post-scope=\"0000000000000f9c0000000000000000_1562\"><a href=\"javascript:void(0)\"  role=\"button\" aria-pressed=\"false\" aria-describedby=\"mfn-content-0000000000000f9c0000000000000000_1562-2\">2<\/a><\/sup><span id=\"mfn-content-0000000000000f9c0000000000000000_1562-2\" role=\"tooltip\" class=\"modern-footnotes-footnote__note\" tabindex=\"0\" data-mfn=\"2\">L&rsquo;article L122-5 du CPI indique : \u00ab&nbsp;Lorsque l&rsquo;\u0153uvre a \u00e9t\u00e9 divulgu\u00e9e, l&rsquo;auteur ne peut interdire&nbsp;: <br \/>[\u2026] 3\u00b0 Sous r\u00e9serve que soient indiqu\u00e9s clairement le nom de l&rsquo;auteur et la source&nbsp;: <br \/>a) Les analyses et courtes citations justifi\u00e9es par le caract\u00e8re critique, pol\u00e9mique, p\u00e9dagogique, scientifique ou d&rsquo;information de l&rsquo;\u0153uvre \u00e0 laquelle elles sont incorpor\u00e9es&nbsp;\u00bb<\/span>. Vous devez respecter leur paternit\u00e9 et donc <u>indiquer clairement le nom de l\u2019auteur original.<\/u> <u>Vous n\u2019avez pas le droit d\u2019utiliser les \u00e9l\u00e9ments du site <em>Union syndicale des retrait\u00e9.e.s CGT du Val-de-Marne<\/em> \u00e0 des fins commerciales.<\/u><\/p>\n<p class=\"clear\">\n<p> &nbsp;<br \/>\n &nbsp;<\/p>\n","protected":false},"excerpt":{"rendered":"<p>L\u2019ensemble de ce site est prot\u00e9g\u00e9 par le droit d&rsquo;auteur. H\u00e9bergement Le site Union locale CGT Ivry\/Charenton\/St-Maurice\/Maisons-Alfort\/Alfortville est h\u00e9berg\u00e9 par o2switch. Informations personnelles Les donn\u00e9es&hellip; <\/p>\n","protected":false},"author":1,"featured_media":0,"parent":280,"menu_order":2,"comment_status":"closed","ping_status":"closed","template":"","meta":{"ngg_post_thumbnail":0,"footnotes":"","_links_to":"","_links_to_target":""},"categories":[],"tags":[],"class_list":["post-1562","page","type-page","status-publish","hentry"],"jetpack_sharing_enabled":true,"_links":{"self":[{"href":"https:\/\/www.ulcgtivry.fr\/blog\/wp-json\/wp\/v2\/pages\/1562","targetHints":{"allow":["GET"]}}],"collection":[{"href":"https:\/\/www.ulcgtivry.fr\/blog\/wp-json\/wp\/v2\/pages"}],"about":[{"href":"https:\/\/www.ulcgtivry.fr\/blog\/wp-json\/wp\/v2\/types\/page"}],"author":[{"embeddable":true,"href":"https:\/\/www.ulcgtivry.fr\/blog\/wp-json\/wp\/v2\/users\/1"}],"replies":[{"embeddable":true,"href":"https:\/\/www.ulcgtivry.fr\/blog\/wp-json\/wp\/v2\/comments?post=1562"}],"version-history":[{"count":2,"href":"https:\/\/www.ulcgtivry.fr\/blog\/wp-json\/wp\/v2\/pages\/1562\/revisions"}],"predecessor-version":[{"id":1564,"href":"https:\/\/www.ulcgtivry.fr\/blog\/wp-json\/wp\/v2\/pages\/1562\/revisions\/1564"}],"up":[{"embeddable":true,"href":"https:\/\/www.ulcgtivry.fr\/blog\/wp-json\/wp\/v2\/pages\/280"}],"wp:attachment":[{"href":"https:\/\/www.ulcgtivry.fr\/blog\/wp-json\/wp\/v2\/media?parent=1562"}],"wp:term":[{"taxonomy":"category","embeddable":true,"href":"https:\/\/www.ulcgtivry.fr\/blog\/wp-json\/wp\/v2\/categories?post=1562"},{"taxonomy":"post_tag","embeddable":true,"href":"https:\/\/www.ulcgtivry.fr\/blog\/wp-json\/wp\/v2\/tags?post=1562"}],"curies":[{"name":"wp","href":"https:\/\/api.w.org\/{rel}","templated":true}]}}

Mentions légales

<p>L’ensemble de ce site est protégé par le droit d&rsquo;auteur.</p>
<h4>Hébergement </h4>
<p>Le site <em>Union locale CGT Ivry/Charenton/St-Maurice/Maisons-Alfort/Alfortville</em> est hébergé par <a href="https://www.o2switch.fr">o2switch</a><sup class="modern-footnotes-footnote " data-mfn="1" data-mfn-post-scope="0000000000000f9c0000000000000000_1562"><a href="javascript:void(0)"  role="button" aria-pressed="false" aria-describedby="mfn-content-0000000000000f9c0000000000000000_1562-1">1</a></sup><span id="mfn-content-0000000000000f9c0000000000000000_1562-1" role="tooltip" class="modern-footnotes-footnote__note" tabindex="0" data-mfn="1">o2switch &#8211; 222-224, Boulevard Gustave Flaubert &#8211; 63000 Clermont-Ferrand &#8211; tél.&nbsp;: 04 44 44 60 40 &#8211; courriel&nbsp;: support@o2switch.fr</span>.</p>
<h4>Informations personnelles</h4>
<p>Les données personnelles collectées par le site <em>Union locale CGT Ivry/Charenton/St-Maurice/Maisons-Alfort/Alfortville</em>, telles que votre adresse e-mail, votre nom ou pseudo, l’adresse de votre blog/site, votre adresse IP, sont uniquement destinées à un usage interne.</p>
<p>En aucun cas ces données ne seront cédées ou vendues à des tiers. Elles ne sont collectées que :</p>
<ul>
<li>dans le cadre des statistiques de fréquentation du site.</li>
</ul>
<p>En application de la loi Informatique et Libertés du 6 janvier 1978 modifiée par la loi 25 mai 2018, vous disposez d’un droit d’accès, de rectification, de modification et de suppression concernant les données qui vous concernent. Vous pouvez exercer ce droit en nous <a href="https://www.ulcgtivry.fr/blog/contact/">contactant</a>.</p>
<p>Il est interdit de recueillir ou de faire usage des données personnelles présentes sur ce site.</p>
<h4>Marques citées </h4>
<p>Toutes les marques citées sont déposées par leurs propriétaires respectifs.</p>
<h4>Propriété intellectuelle </h4>
<p>Conformément aux dispositions du code de la propriété intellectuelle, les différents éléments figurant sur le site <em>Union locale CGT Ivry/Charenton/St-Maurice/Maisons-Alfort/Alfortville</em> tels que textes, images, logos, commentaires, bases de données, etc. restent la propriété de leur(s) auteur(s) et/ou titulaire(s) respectif(s) et ce pour la durée légale de protection.</p>
<p>Les informations et documents publiés par le site <em>Union locale CGT Ivry/Charenton/St-Maurice/Maisons-Alfort/Alfortville</em> ne peuvent être reproduits qu&rsquo;avec l&rsquo;autorisation de leur <a href="https://www.ulcgtivry.fr/blog/contact/">auteur</a>. Seuls de courts extraits des articles peuvent être utilisés, conformément au code de la propriété intellectuelle (CPI)<sup class="modern-footnotes-footnote " data-mfn="2" data-mfn-post-scope="0000000000000f9c0000000000000000_1562"><a href="javascript:void(0)"  role="button" aria-pressed="false" aria-describedby="mfn-content-0000000000000f9c0000000000000000_1562-2">2</a></sup><span id="mfn-content-0000000000000f9c0000000000000000_1562-2" role="tooltip" class="modern-footnotes-footnote__note" tabindex="0" data-mfn="2">L&rsquo;article L122-5 du CPI indique : «&nbsp;Lorsque l&rsquo;œuvre a été divulguée, l&rsquo;auteur ne peut interdire&nbsp;: <br />[…] 3° Sous réserve que soient indiqués clairement le nom de l&rsquo;auteur et la source&nbsp;: <br />a) Les analyses et courtes citations justifiées par le caractère critique, polémique, pédagogique, scientifique ou d&rsquo;information de l&rsquo;œuvre à laquelle elles sont incorporées&nbsp;»</span>. Vous devez respecter leur paternité et donc <u>indiquer clairement le nom de l’auteur original.</u> <u>Vous n’avez pas le droit d’utiliser les éléments du site <em>Union syndicale des retraité.e.s CGT du Val-de-Marne</em> à des fins commerciales.</u></p>
<p class="clear">
<p> &nbsp;<br />
 &nbsp;</p>

<p>L’ensemble de ce site est protégé par le droit d&rsquo;auteur. Hébergement Le site Union locale CGT Ivry/Charenton/St-Maurice/Maisons-Alfort/Alfortville est hébergé par o2switch. Informations personnelles Les données&hellip; </p>
