{"id":190,"date":"2022-06-01T16:07:05","date_gmt":"2022-06-01T14:07:05","guid":{"rendered":"https:\/\/www.ulcgtivry.fr\/blog\/?page_id=190"},"modified":"2022-07-17T11:31:06","modified_gmt":"2022-07-17T09:31:06","slug":"les-federations","status":"publish","type":"page","link":"https:\/\/www.ulcgtivry.fr\/blog\/vie-syndicale\/les-federations\/","title":{"rendered":"Les organisations de la CGT"},"content":{"rendered":"<h5> Les actus de la CGT <\/h5>\n<p>La page d&rsquo;<a href=\"https:\/\/www.cgt.fr\/actualites\">actualit\u00e9s de la CGT<\/a>. <\/p>\n<p>&nbsp; <\/p>\n<h5> Les actus de l&rsquo;UGICT CGT<\/h5>\n\n<table id=\"tablepress-1\" class=\"tablepress tablepress-id-1\">\n<tbody class=\"row-hover\">\n<tr class=\"row-1\">\n\t<td class=\"column-1\"><br \/>\n<center><br \/>\nLa lettre d'info de l'Union g\u00e9n\u00e9rale <br \/>\ndes ing\u00e9nieurs, cadres <br \/>\net techniciens de la CGT<br \/>\n<\/center><\/td><td class=\"column-2\"><a href=\"https:\/\/ugictcgt.fr\"><img loading=\"lazy\" decoding=\"async\" src=\"https:\/\/www.ulcgtivry.fr\/blog\/wp-content\/uploads\/2022_uploads\/logo-ugict-cgt.png\" alt=\" \" width=\"200\" height=\"150\"><\/a> <\/td>\n<\/tr>\n<\/tbody>\n<\/table>\n\n<p>&nbsp; <\/p>\n<h5> Les organisations professionnelles de la CGT <\/h5>\n<p>Les f\u00e9d\u00e9rations de la CGT impulsent et coordonnent l\u2019activit\u00e9 revendicative professionnelle. <\/p>\n<p>Elles ont en charge les n\u00e9gociations collectives relevant de leur champ professionnel (accord de branche, conventions collectives, salaires minimaux conventionnels&#8230;). Certaines ont mis en place des structures d\u00e9centralis\u00e9es (d\u00e9partementales ou r\u00e9gionales) ou des coordinations entre syndicats d\u2019entreprises d\u2019un m\u00eame groupe.<\/p>\n<p>Retrouver les coordonn\u00e9es de l&rsquo;ensemble des <a href=\"https:\/\/www.cgt.fr\/les-organisations-professionnelles\">f\u00e9d\u00e9rations CGT<\/a>. <\/p>\n<ul>\n<li>FEDERATION DES ACTIVITES POSTALES ET DE TELECOMMUNICATIONS<\/li>\n<li>FEDERATION CGT DE L&rsquo;AGRO-ALIMENTAIRE<\/li>\n<li>FEDERATION CGT DU SPECTACLE, AUDIOVISUEL ET ACTION CULTURELLE<\/li>\n<li>FEDERATION CGT DES PERSONNELS DES BANQUES ET ASSURANCES<\/li>\n<li>FEDERATION CGT DES CHEMINOTS<\/li>\n<li>FEDERATION CGT DU COMMERCE, DISTRIBUTION, SERVICES<\/li>\n<li>FEDERATION CGT DE LA CONSTRUCTION BOIS ET AMEUBLEMENT<\/li>\n<li>FEDERATION DE L\u2019EDUCATION, DE LA RECHERCHE ET DE LA CULTURE CGT<\/li>\n<li>FEDERATION CGT DE L&rsquo;EQUIPEMENT ET ENVIRONNEMENT<\/li>\n<li>FEDERATION CGT DES FINANCES<\/li>\n<li>FEDERATION NATIONALE DES INDUSTRIES CHIMIQUES CGT<\/li>\n<li>UNION SYNDICALE DE L&rsquo;INT\u00c9RIM (USI-CGT)<\/li>\n<li>SYNDICAT NATIONAL DES JOURNALISTES CGT<\/li>\n<li>FEDERATION CGT DES TRAVAILLEURS DES INDUSTRIES DU LIVRE, PAPIER ET DE LA COMMUNICATION<\/li>\n<li>FEDERATION CGT DES SYNDICATS MARITIMES<\/li>\n<li>FEDERATION CGT DES TRAVAILLEURS DE LA METALLURGIE<\/li>\n<li>FEDERATION CGT DES MINES ET DE L\u2019ENERGIE<\/li>\n<li>FEDERATION CGT DES OFFICIERS DE LA MARINE MARCHANDE<\/li>\n<li>FEDERATION CGT DES ORGANISMES SOCIAUX<\/li>\n<li>FEDERATION CGT POLICE<\/li>\n<li>FEDERATION CGT DES PORTS ET DOCKS<\/li>\n<li>FEDERATION CGT SANTE ET ACTION SOCIALE<\/li>\n<li>FEDERATION CGT DES SERVICES PUBLICS (COLLECTIVITES TERRITORIALES)<\/li>\n<li>FEDERATION CGT DES SOCIETES D\u2019ETUDE, DE CONSEIL ET DE PREVENTION<\/li>\n<li>FEDERATION CGT TEXTILE HABILLEMENT CUIR BLANCHISSERIE<\/li>\n<li>FEDERATION CGT DES TRANSPORTS<\/li>\n<li>FEDERATION CGT DES TRAVAILLEURS DE L\u2019ETAT<\/li>\n<li>UNION GENERALE DES FEDERATIONS DE FONCTIONNAIRES CGT<\/li>\n<li>FEDERATION CGT DES TRAVAILLEURS DU VERRE ET DE LA CERAMIQUE<\/li>\n<\/ul>\n<h4> Du c\u00f4t\u00e9 des retrait\u00e9.e.s <\/h4>\n<p>L&rsquo;<a href=\"http:\/\/ucr.cgt.fr\/\">Union Conf\u00e9d\u00e9rale des Retrait\u00e9s<\/a> est l&rsquo;organisation sp\u00e9cifique de la conf\u00e9d\u00e9ration CGT pour l&rsquo;activit\u00e9 syndicale en direction des retrait\u00e9.e.s, des pr\u00e9retrait\u00e9.e.s, des veufs, des veuves et des ch\u00f4meurs \u00e2g\u00e9s.<\/p>\n<p>L&rsquo;UCR CGT compte pr\u00e8s de 100 000 adh\u00e9rents, organis\u00e9s en unions syndicales par d\u00e9partement (USR) et en <a href=\"http:\/\/ucr.cgt.fr\/118-36-287-Unions-federales-des-retraites-CGT\">unions f\u00e9d\u00e9rales professionnelles<\/a> (UFR).<\/p>\n<p>L&rsquo;UCR-CGT se fixe pour mission de d\u00e9fendre les int\u00e9r\u00eats des retrait\u00e9.e.s, mais elle organise aussi les loisirs avec son association <a href=\"http:\/\/www.lsrfede.fr\/\">Loisirs Solidarit\u00e9 Retrait\u00e9s<\/a> (LSR).<\/p>\n","protected":false},"excerpt":{"rendered":"<p>Les actus de la CGT La page d&rsquo;actualit\u00e9s de la CGT. &nbsp; Les actus de l&rsquo;UGICT CGT &nbsp; Les organisations professionnelles de la CGT Les&hellip; <\/p>\n","protected":false},"author":1,"featured_media":0,"parent":2,"menu_order":6,"comment_status":"closed","ping_status":"closed","template":"","meta":{"ngg_post_thumbnail":0,"footnotes":"","_links_to":"","_links_to_target":""},"categories":[],"tags":[],"class_list":["post-190","page","type-page","status-publish","hentry"],"jetpack_sharing_enabled":true,"_links":{"self":[{"href":"https:\/\/www.ulcgtivry.fr\/blog\/wp-json\/wp\/v2\/pages\/190","targetHints":{"allow":["GET"]}}],"collection":[{"href":"https:\/\/www.ulcgtivry.fr\/blog\/wp-json\/wp\/v2\/pages"}],"about":[{"href":"https:\/\/www.ulcgtivry.fr\/blog\/wp-json\/wp\/v2\/types\/page"}],"author":[{"embeddable":true,"href":"https:\/\/www.ulcgtivry.fr\/blog\/wp-json\/wp\/v2\/users\/1"}],"replies":[{"embeddable":true,"href":"https:\/\/www.ulcgtivry.fr\/blog\/wp-json\/wp\/v2\/comments?post=190"}],"version-history":[{"count":0,"href":"https:\/\/www.ulcgtivry.fr\/blog\/wp-json\/wp\/v2\/pages\/190\/revisions"}],"up":[{"embeddable":true,"href":"https:\/\/www.ulcgtivry.fr\/blog\/wp-json\/wp\/v2\/pages\/2"}],"wp:attachment":[{"href":"https:\/\/www.ulcgtivry.fr\/blog\/wp-json\/wp\/v2\/media?parent=190"}],"wp:term":[{"taxonomy":"category","embeddable":true,"href":"https:\/\/www.ulcgtivry.fr\/blog\/wp-json\/wp\/v2\/categories?post=190"},{"taxonomy":"post_tag","embeddable":true,"href":"https:\/\/www.ulcgtivry.fr\/blog\/wp-json\/wp\/v2\/tags?post=190"}],"curies":[{"name":"wp","href":"https:\/\/api.w.org\/{rel}","templated":true}]}}

<h5> Les actus de la CGT </h5>
<p>La page d&rsquo;<a href="https://www.cgt.fr/actualites">actualités de la CGT</a>. </p>
<p>&nbsp; </p>
<h5> Les actus de l&rsquo;UGICT CGT</h5>

<table id="tablepress-1" class="tablepress tablepress-id-1">
<tbody class="row-hover">
<tr class="row-1">
	<td class="column-1"><br />
<center><br />
La lettre d'info de l'Union générale <br />
des ingénieurs, cadres <br />
et techniciens de la CGT<br />
</center></td><td class="column-2"><a href="https://ugictcgt.fr"><img loading="lazy" decoding="async" src="https://www.ulcgtivry.fr/blog/wp-content/uploads/2022_uploads/logo-ugict-cgt.png" alt=" " width="200" height="150"></a> </td>
</tr>
</tbody>
</table>

<p>&nbsp; </p>
<h5> Les organisations professionnelles de la CGT </h5>
<p>Les fédérations de la CGT impulsent et coordonnent l’activité revendicative professionnelle. </p>
<p>Elles ont en charge les négociations collectives relevant de leur champ professionnel (accord de branche, conventions collectives, salaires minimaux conventionnels&#8230;). Certaines ont mis en place des structures décentralisées (départementales ou régionales) ou des coordinations entre syndicats d’entreprises d’un même groupe.</p>
<p>Retrouver les coordonnées de l&rsquo;ensemble des <a href="https://www.cgt.fr/les-organisations-professionnelles">fédérations CGT</a>. </p>
<ul>
<li>FEDERATION DES ACTIVITES POSTALES ET DE TELECOMMUNICATIONS</li>
<li>FEDERATION CGT DE L&rsquo;AGRO-ALIMENTAIRE</li>
<li>FEDERATION CGT DU SPECTACLE, AUDIOVISUEL ET ACTION CULTURELLE</li>
<li>FEDERATION CGT DES PERSONNELS DES BANQUES ET ASSURANCES</li>
<li>FEDERATION CGT DES CHEMINOTS</li>
<li>FEDERATION CGT DU COMMERCE, DISTRIBUTION, SERVICES</li>
<li>FEDERATION CGT DE LA CONSTRUCTION BOIS ET AMEUBLEMENT</li>
<li>FEDERATION DE L’EDUCATION, DE LA RECHERCHE ET DE LA CULTURE CGT</li>
<li>FEDERATION CGT DE L&rsquo;EQUIPEMENT ET ENVIRONNEMENT</li>
<li>FEDERATION CGT DES FINANCES</li>
<li>FEDERATION NATIONALE DES INDUSTRIES CHIMIQUES CGT</li>
<li>UNION SYNDICALE DE L&rsquo;INTÉRIM (USI-CGT)</li>
<li>SYNDICAT NATIONAL DES JOURNALISTES CGT</li>
<li>FEDERATION CGT DES TRAVAILLEURS DES INDUSTRIES DU LIVRE, PAPIER ET DE LA COMMUNICATION</li>
<li>FEDERATION CGT DES SYNDICATS MARITIMES</li>
<li>FEDERATION CGT DES TRAVAILLEURS DE LA METALLURGIE</li>
<li>FEDERATION CGT DES MINES ET DE L’ENERGIE</li>
<li>FEDERATION CGT DES OFFICIERS DE LA MARINE MARCHANDE</li>
<li>FEDERATION CGT DES ORGANISMES SOCIAUX</li>
<li>FEDERATION CGT POLICE</li>
<li>FEDERATION CGT DES PORTS ET DOCKS</li>
<li>FEDERATION CGT SANTE ET ACTION SOCIALE</li>
<li>FEDERATION CGT DES SERVICES PUBLICS (COLLECTIVITES TERRITORIALES)</li>
<li>FEDERATION CGT DES SOCIETES D’ETUDE, DE CONSEIL ET DE PREVENTION</li>
<li>FEDERATION CGT TEXTILE HABILLEMENT CUIR BLANCHISSERIE</li>
<li>FEDERATION CGT DES TRANSPORTS</li>
<li>FEDERATION CGT DES TRAVAILLEURS DE L’ETAT</li>
<li>UNION GENERALE DES FEDERATIONS DE FONCTIONNAIRES CGT</li>
<li>FEDERATION CGT DES TRAVAILLEURS DU VERRE ET DE LA CERAMIQUE</li>
</ul>
<h4> Du côté des retraité.e.s </h4>
<p>L&rsquo;<a href="http://ucr.cgt.fr/">Union Confédérale des Retraités</a> est l&rsquo;organisation spécifique de la confédération CGT pour l&rsquo;activité syndicale en direction des retraité.e.s, des préretraité.e.s, des veufs, des veuves et des chômeurs âgés.</p>
<p>L&rsquo;UCR CGT compte près de 100 000 adhérents, organisés en unions syndicales par département (USR) et en <a href="http://ucr.cgt.fr/118-36-287-Unions-federales-des-retraites-CGT">unions fédérales professionnelles</a> (UFR).</p>
<p>L&rsquo;UCR-CGT se fixe pour mission de défendre les intérêts des retraité.e.s, mais elle organise aussi les loisirs avec son association <a href="http://www.lsrfede.fr/">Loisirs Solidarité Retraités</a> (LSR).</p>

<p>Les actus de la CGT La page d&rsquo;actualités de la CGT. &nbsp; Les actus de l&rsquo;UGICT CGT &nbsp; Les organisations professionnelles de la CGT Les&hellip; </p>
