{"id":288,"date":"2022-06-03T20:31:20","date_gmt":"2022-06-03T18:31:20","guid":{"rendered":"https:\/\/www.ulcgtivry.fr\/blog\/?page_id=288"},"modified":"2025-03-05T20:57:14","modified_gmt":"2025-03-05T19:57:14","slug":"calendrier-des-formations","status":"publish","type":"page","link":"https:\/\/www.ulcgtivry.fr\/blog\/formation\/calendrier-des-formations\/","title":{"rendered":"Calendrier des formations"},"content":{"rendered":"<h4> Calendrier des formations de l&rsquo;union d\u00e9partementale du Val-de-Marne <\/h4>\n<p><em> Cliquer sur l&rsquo;image pour t\u00e9l\u00e9charger le calendrier <\/em> <\/p>\n<p><center><a href=\"https:\/\/ulcgtivry.fr\/blog\/wp-content\/uploads\/2025_uploads\/Formation\/Calendrier_Formation_UD2025.pdf\" target=\"_blank\" rel=\"noopener\"><img loading=\"lazy\" decoding=\"async\" src=\"https:\/\/ulcgtivry.fr\/blog\/wp-content\/uploads\/2025_uploads\/Formation\/Calendrier_Formation_UD2025.png\" alt=\"calendrier formation UD 94 \" width=\"600\" height=\"300\"\/><\/a> <\/center><\/p>\n<p>&nbsp; <\/p>\n<h4> Calendrier des formations de l&rsquo;Union locale d&rsquo;Ivry | Charenton | Maisons-Alfort | Alfortville | St-Maurice <\/h4>\n<p><em> Cliquer sur l&rsquo;image pour t\u00e9l\u00e9charger le calendrier <\/em> <\/p>\n<p><center><a href=\"https:\/\/ulcgtivry.fr\/blog\/wp-content\/uploads\/2025_uploads\/Formation\/Calendrier_Formation_ULIVRY2025.pdf\" target=\"_blank\" rel=\"noopener\"><img loading=\"lazy\" decoding=\"async\" src=\"https:\/\/www.ulcgtivry.fr\/blog\/wp-content\/uploads\/2025_uploads\/Formation\/Calendrier_Formation_ULIVRY2025.png\" alt=\"calendrier formation UL Ivry \" width=\"600\" height=\"300\"\/><\/a> <\/center><\/p>\n<p>&nbsp; <\/p>\n<h4> Faire sa demande pour participer \u00e0 une formation syndicale  <\/h4>\n<p>Pour acc\u00e9der aux d\u00e9marches pour effectuer une demande formation, cliquer sur ce <a href=\"https:\/\/www.ulcgtivry.fr\/blog\/formation\/faire-la-demande-pour-participer-a-une-formation-syndicale\/\">lien<\/a>.<\/p>\n<p>&nbsp; <\/p>\n","protected":false},"excerpt":{"rendered":"<p>Calendrier des formations de l&rsquo;union d\u00e9partementale du Val-de-Marne Cliquer sur l&rsquo;image pour t\u00e9l\u00e9charger le calendrier &nbsp; Calendrier des formations de l&rsquo;Union locale d&rsquo;Ivry | Charenton&hellip; <\/p>\n","protected":false},"author":1,"featured_media":0,"parent":53,"menu_order":1,"comment_status":"closed","ping_status":"closed","template":"","meta":{"ngg_post_thumbnail":0,"footnotes":"","_links_to":"","_links_to_target":""},"categories":[],"tags":[],"class_list":["post-288","page","type-page","status-publish","hentry"],"jetpack_sharing_enabled":true,"_links":{"self":[{"href":"https:\/\/www.ulcgtivry.fr\/blog\/wp-json\/wp\/v2\/pages\/288","targetHints":{"allow":["GET"]}}],"collection":[{"href":"https:\/\/www.ulcgtivry.fr\/blog\/wp-json\/wp\/v2\/pages"}],"about":[{"href":"https:\/\/www.ulcgtivry.fr\/blog\/wp-json\/wp\/v2\/types\/page"}],"author":[{"embeddable":true,"href":"https:\/\/www.ulcgtivry.fr\/blog\/wp-json\/wp\/v2\/users\/1"}],"replies":[{"embeddable":true,"href":"https:\/\/www.ulcgtivry.fr\/blog\/wp-json\/wp\/v2\/comments?post=288"}],"version-history":[{"count":2,"href":"https:\/\/www.ulcgtivry.fr\/blog\/wp-json\/wp\/v2\/pages\/288\/revisions"}],"predecessor-version":[{"id":1778,"href":"https:\/\/www.ulcgtivry.fr\/blog\/wp-json\/wp\/v2\/pages\/288\/revisions\/1778"}],"up":[{"embeddable":true,"href":"https:\/\/www.ulcgtivry.fr\/blog\/wp-json\/wp\/v2\/pages\/53"}],"wp:attachment":[{"href":"https:\/\/www.ulcgtivry.fr\/blog\/wp-json\/wp\/v2\/media?parent=288"}],"wp:term":[{"taxonomy":"category","embeddable":true,"href":"https:\/\/www.ulcgtivry.fr\/blog\/wp-json\/wp\/v2\/categories?post=288"},{"taxonomy":"post_tag","embeddable":true,"href":"https:\/\/www.ulcgtivry.fr\/blog\/wp-json\/wp\/v2\/tags?post=288"}],"curies":[{"name":"wp","href":"https:\/\/api.w.org\/{rel}","templated":true}]}}

<h4> Calendrier des formations de l&rsquo;union départementale du Val-de-Marne </h4>
<p><em> Cliquer sur l&rsquo;image pour télécharger le calendrier </em> </p>
<p><center><a href="https://ulcgtivry.fr/blog/wp-content/uploads/2025_uploads/Formation/Calendrier_Formation_UD2025.pdf" target="_blank" rel="noopener"><img loading="lazy" decoding="async" src="https://ulcgtivry.fr/blog/wp-content/uploads/2025_uploads/Formation/Calendrier_Formation_UD2025.png" alt="calendrier formation UD 94 " width="600" height="300"/></a> </center></p>
<p>&nbsp; </p>
<h4> Calendrier des formations de l&rsquo;Union locale d&rsquo;Ivry | Charenton | Maisons-Alfort | Alfortville | St-Maurice </h4>
<p><em> Cliquer sur l&rsquo;image pour télécharger le calendrier </em> </p>
<p><center><a href="https://ulcgtivry.fr/blog/wp-content/uploads/2025_uploads/Formation/Calendrier_Formation_ULIVRY2025.pdf" target="_blank" rel="noopener"><img loading="lazy" decoding="async" src="https://www.ulcgtivry.fr/blog/wp-content/uploads/2025_uploads/Formation/Calendrier_Formation_ULIVRY2025.png" alt="calendrier formation UL Ivry " width="600" height="300"/></a> </center></p>
<p>&nbsp; </p>
<h4> Faire sa demande pour participer à une formation syndicale  </h4>
<p>Pour accéder aux démarches pour effectuer une demande formation, cliquer sur ce <a href="https://www.ulcgtivry.fr/blog/formation/faire-la-demande-pour-participer-a-une-formation-syndicale/">lien</a>.</p>
<p>&nbsp; </p>

<p>Calendrier des formations de l&rsquo;union départementale du Val-de-Marne Cliquer sur l&rsquo;image pour télécharger le calendrier &nbsp; Calendrier des formations de l&rsquo;Union locale d&rsquo;Ivry | Charenton&hellip; </p>
